{"id":132,"date":"2021-02-15T17:50:05","date_gmt":"2021-02-15T17:50:05","guid":{"rendered":"http:\/\/181.170.93.142\/boston\/?page_id=132"},"modified":"2025-02-04T13:14:09","modified_gmt":"2025-02-04T13:14:09","slug":"ninos","status":"publish","type":"page","link":"https:\/\/colegioboston.com.ar\/lincoln\/nuestros-cursos\/ninos\/","title":{"rendered":"Ni\u00f1os"},"content":{"rendered":"\n<h3 class=\"wp-block-heading\" id=\"ninos-de-6-a-11-anos\">NI\u00d1OS<\/h3>\n\n\n\n<p>Los alumnos entran en contacto con el idioma a trav\u00e9s de juegos, cuentos, poemas y canciones. Comienzan a comprender y relatar historias, a contar, a cantar en ingl\u00e9s y a describir situaciones sencillas. Trabajamos en el desarrollo de las cuatro habilidades del lenguaje: habla, lectura, escritura y comprensi\u00f3n auditiva.<\/p>\n\n\n\n<h5 class=\"wp-block-heading\" id=\"pets-1-pets-2-1st-children-2nd-children\"><strong>PETS 1 \/ 1st CHILDREN \/ 2nd CHILDREN<\/strong><\/h5>\n\n\n\n<p>Carga horaria: 2 horas semanales.<\/p>\n\n\n\n<h5 class=\"wp-block-heading\" id=\"3rd-children-4th-children\"><strong>3rd CHILDREN \/ 4th CHILDREN<\/strong><\/h5>\n\n\n\n<p>Carga horaria: 2 horas semanales.<\/p>\n","protected":false},"excerpt":{"rendered":"<p>NI\u00d1OS Los alumnos entran en contacto con el idioma a trav\u00e9s de juegos, cuentos, poemas y canciones. Comienzan a comprender y relatar historias, a contar, a cantar en ingl\u00e9s y a describir situaciones sencillas. Trabajamos en el desarrollo de las cuatro habilidades del lenguaje: habla, lectura, escritura y comprensi\u00f3n auditiva. PETS 1 \/ 1st CHILDREN [&hellip;]<\/p>\n","protected":false},"author":3,"featured_media":0,"parent":30,"menu_order":0,"comment_status":"closed","ping_status":"closed","template":"","meta":{"footnotes":""},"class_list":["post-132","page","type-page","status-publish","hentry"],"_links":{"self":[{"href":"https:\/\/colegioboston.com.ar\/lincoln\/wp-json\/wp\/v2\/pages\/132","targetHints":{"allow":["GET"]}}],"collection":[{"href":"https:\/\/colegioboston.com.ar\/lincoln\/wp-json\/wp\/v2\/pages"}],"about":[{"href":"https:\/\/colegioboston.com.ar\/lincoln\/wp-json\/wp\/v2\/types\/page"}],"author":[{"embeddable":true,"href":"https:\/\/colegioboston.com.ar\/lincoln\/wp-json\/wp\/v2\/users\/3"}],"replies":[{"embeddable":true,"href":"https:\/\/colegioboston.com.ar\/lincoln\/wp-json\/wp\/v2\/comments?post=132"}],"version-history":[{"count":6,"href":"https:\/\/colegioboston.com.ar\/lincoln\/wp-json\/wp\/v2\/pages\/132\/revisions"}],"predecessor-version":[{"id":601,"href":"https:\/\/colegioboston.com.ar\/lincoln\/wp-json\/wp\/v2\/pages\/132\/revisions\/601"}],"up":[{"embeddable":true,"href":"https:\/\/colegioboston.com.ar\/lincoln\/wp-json\/wp\/v2\/pages\/30"}],"wp:attachment":[{"href":"https:\/\/colegioboston.com.ar\/lincoln\/wp-json\/wp\/v2\/media?parent=132"}],"curies":[{"name":"wp","href":"https:\/\/api.w.org\/{rel}","templated":true}]}}